
Is 135807389 a composite number?
False
Is 177151 composite?
True
Is 199121681 a composite number?
True
Is 5370181 a composite number?
True
Is 71958517 a composite number?
False
Is 817273 a prime number?
True
Is 319904261 composite?
False
Is 2614427 prime?
True
Is 674641 composite?
True
Is 122580793 composite?
False
Is 117321538 a composite number?
True
Is 35013247 a prime number?
True
Is 2035723 prime?
True
Is 4044841 a composite number?
False
Is 67139906 a prime number?
False
Is 1338495749 a composite number?
False
Is 3641119 a composite number?
False
Is 4508401 a composite number?
True
Is 9753805 a prime number?
False
Is 1620319 prime?
True
Is 8373649 a prime number?
True
Is 9018503 composite?
True
Is 450581 composite?
False
Is 291905507 a composite number?
False
Is 1261789 prime?
True
Is 257873545 a composite number?
True
Is 739141 prime?
False
Is 118367027 a prime number?
True
Is 3696761 composite?
False
Is 30627133 prime?
False
Is 37138439 a composite number?
True
Is 1047737 prime?
True
Is 8322001 prime?
True
Is 16506718 composite?
True
Is 2832383 prime?
True
Is 48030937 a prime number?
True
Is 2285827 a prime number?
False
Is 514699 a composite number?
True
Is 101737 composite?
False
Is 7345331 a composite number?
True
Is 4378861 composite?
True
Is 9488069 prime?
True
Is 53957039 a prime number?
False
Is 59021647 composite?
True
Is 194419319 a composite number?
False
Is 19578723 prime?
False
Is 413195053 a prime number?
True
Is 3438119 a prime number?
False
Is 38270513 composite?
False
Is 172106086 composite?
True
Is 152316877 prime?
True
Is 11291869 a composite number?
False
Is 9410117 a composite number?
False
Is 1118851 prime?
True
Is 536369 a composite number?
True
Is 57561407 a prime number?
True
Is 989587267 a prime number?
True
Is 8063377 composite?
True
Is 252139 prime?
True
Is 46599061 prime?
True
Is 161107987 prime?
False
Is 4927619 a prime number?
False
Is 117468119 prime?
True
Is 743059 prime?
True
Is 107171 a composite number?
False
Is 4699286 a composite number?
True
Is 29862407 a composite number?
False
Is 3281522 a prime number?
False
Is 7143841 composite?
False
Is 109717 composite?
False
Is 41165297 a composite number?
True
Is 12118341 a prime number?
False
Is 12709891 composite?
True
Is 41318197 a prime number?
False
Is 8551981 a composite number?
False
Is 6903901 prime?
True
Is 37040431 composite?
False
Is 5497021 a prime number?
True
Is 2825141 composite?
True
Is 109556477 a prime number?
False
Is 145651907 prime?
False
Is 19487903 composite?
True
Is 10575703 composite?
True
Is 12141443 composite?
False
Is 1949627 prime?
True
Is 4272289 a prime number?
False
Is 6045329 a composite number?
False
Is 788876489 composite?
False
Is 1520777 composite?
False
Is 367181 composite?
False
Is 21648971 a prime number?
False
Is 8856247 composite?
True
Is 2190007 composite?
True
Is 16963967 a prime number?
True
Is 1946369 a prime number?
True
Is 66957379 prime?
False
Is 18060509 composite?
False
Is 73492141 composite?
False
Is 49927813 prime?
False
Is 481289383 prime?
True
Is 13404023 composite?
True
Is 14000023 prime?
False
Is 2968627 composite?
False
Is 105019 composite?
False
Is 2441893 a composite number?
True
Is 7976249 composite?
False
Is 385523837 a prime number?
True
Is 97325245 prime?
False
Is 424309481 prime?
False
Is 2822227 a composite number?
True
Is 857339621 prime?
True
Is 52019623 composite?
True
Is 6335513 composite?
False
Is 34194563 a prime number?
False
Is 541703 a prime number?
False
Is 29045217 prime?
False
Is 129203561 prime?
False
Is 45907418 prime?
False
Is 9566369 composite?
False
Is 24939023 prime?
False
Is 75413 a composite number?
True
Is 6043747 a prime number?
True
Is 8398877 a prime number?
True
Is 3188477 a composite number?
True
Is 395586421 a prime number?
True
Is 4523191 a prime number?
True
Is 3843571 a prime number?
True
Is 4406437 a composite number?
True
Is 16811033 prime?
True
Is 61671031 prime?
True
Is 117411871 composite?
False
Is 17620387 composite?
False
Is 11000273 prime?
True
Is 24944807 a composite number?
False
Is 40011067 prime?
True
Is 175138555 composite?
True
Is 4506977 prime?
False
Is 302780179 prime?
False
Is 97939 a composite number?
True
Is 102286501 a prime number?
False
Is 3615037 a prime number?
True
Is 169553 prime?
True
Is 16200593 prime?
False
Is 36481903 composite?
True
Is 110451091 a prime number?
False
Is 61390573 a prime number?
True
Is 509617643 composite?
True
Is 569111 a prime number?
True
Is 4904531 a composite number?
False
Is 13205609 prime?
False
Is 142194467 prime?
True
Is 919703 prime?
True
Is 137655905 prime?
False
Is 21449759 composite?
False
Is 56028695 composite?
True
Is 28840027 composite?
False
Is 9659435 composite?
True
Is 8030701 prime?
False
Is 6086989 composite?
False
Is 2240471 a prime number?
True
Is 8072979 composite?
True
Is 1112009 a composite number?
True
Is 3065773 composite?
False
Is 14861299 prime?
True
Is 184281919 prime?
True
Is 3296897 a composite number?
False
Is 130557221 prime?
False
Is 2761627 a prime number?
False
Is 6957109 a prime number?
False
Is 6287293 prime?
False
Is 227974091 composite?
True
Is 8868971 prime?
True
Is 121066441 a composite number?
False
Is 30600437 a composite number?
True
Is 6674527 prime?
True
Is 17144393 prime?
False
Is 26136371 composite?
True
Is 3081433 composite?
False
Is 111305191 a composite number?
True
Is 66175463 a prime number?
True
Is 45035041 a composite number?
False
Is 7395761 a prime number?
False
Is 479124967 a prime number?
False
Is 3118657 prime?
True
Is 19590479 a prime number?
True
Is 11856659 composite?
False
Is 8862251 composite?
True
Is 3009953 composite?
False
Is 77864299 composite?
True
Is 312931321 a prime number?
True
Is 14951033 prime?
True
Is 1050713 a composite number?
False
Is 7670963 a composite number?
False
Is 88617743 a prime number?
True
Is 499937 a composite number?
True
Is 11099129 composite?
False
Is 124612967 a prime number?
False
Is 189470111 prime?
False
Is 191583197 a prime number?
False
Is 9857321 a composite number?
False
Is 4652729 a prime number?
False
Is 6386257 a composite number?
False
Is 51314617 prime?
False
Is 450019671 a prime number?
False
Is 2762647 prime?
True
Is 8405377 a composite number?
False
Is 85037243 composite?
False
Is 25862583 a composite number?
True
Is 40451771 prime?
True
Is 29906637 a composite number?
True
Is 1834411 a composite number?
True
Is 21821431 a prime number?
False
Is 47233022 prime?
False
Is 236953643 composite?
True
Is 790307 a composite number?
True
Is 11191087 composite?
True
Is 134447 prime?
False
Is 1380329 composite?
False
Is 178559 composite?
False
Is 406442363 a composite number?
False
Is 275711 composite?
False
Is 27574991 a composite number?
False
Is 3256367 prime?
False
Is 121903423 prime?
True
Is 18932779 a composite number?
True
Is 741829123 a composite number?
True
Is 101483177 composite?
False
Is 415069487 composite?
True
Is 85322993 prime?
False
Is 149640243 prime?
False
Is 160397 composite?
False
Is 7264867 prime?
False
Is 8166463 composite?
True
Is 25211751 a composite number?
True
Is 3334679089 a composite number?
True
Is 46901213 composite?
False
Is 12233407 prime?
False
Is 3357467 prime?
False
Is 90766913 prime?
False
Is 3918491 a prime number?
True
Is 40915973 composite?
True
Is 101197069 composite?
True
Is 11150765 composite?
True
Is 22196947 composite?
True
Is 392321 composite?
False
Is 27433727 a prime number?
True
Is 4070459 composite?
False
Is 26111999 prime?
False
Is 25108771 a composite number?
False
Is 566521 a prime number?
True
Is 13032581 prime?
True
Is 163166483 composite?
False
Is 12377837 a composite number?
True
Is 2021497 composite?
False
Is 3698489 composite?
False
Is 49049579 prime?
True
Is 1628885 a composite number?
True
Is 9191587 a composite number?
True
Is 38530595 composite?
True
Is 3415541 composite?
False
Is 27035215 composite?
True
Is 34830022 a prime number?
False
Is 81021209 composite?
True
Is 1641323 a prime number?
True
Is 9580709 composite?
False
Is 488852633 prime?
True
Is 117011129 a composite number?
False
Is 452741 composite?
True
Is 50736977 prime?
True
Is 320081 a prime number?
True
Is 104323439 prime?
False
Is 11625281 composite?
True
Is 49734733 a composite n